eatest common divisor of 1265 and 33?
11
Calculate the greatest common divisor of 84456 and 391.
391
What is the greatest common divisor of 143 and 559?
13
Calculate the greatest common divisor of 27 and 243.
27
What is the greatest common divisor of 48 and 120?
24
Calculate the highest common factor of 43 and 26.
1
What is the greatest common factor of 11819 and 669?
223
What is the highest common divisor of 5715 and 18?
9
What is the highest common factor of 57 and 551?
19
What is the greatest common divisor of 81 and 1998?
27
What is the greatest common factor of 17 and 6052?
17
Calculate the highest common divisor of 36 and 801.
9
Calculate the greatest common divisor of 5 and 14.
1
What is the greatest common factor of 48 and 512?
16
What is the greatest common factor of 228 and 380?
76
Calculate the highest common divisor of 75 and 3075.
75
What is the greatest common factor of 307 and 9824?
307
Calculate the highest common divisor of 1141 and 84.
7
What is the greatest common factor of 5 and 62?
1
Calculate the greatest common divisor of 968 and 616.
88
Calculate the highest common divisor of 237 and 3.
3
Calculate the greatest common factor of 1003 and 459.
17
Calculate the highest common divisor of 4338 and 450.
18
What is the greatest common factor of 144 and 1062?
18
What is the greatest common factor of 565 and 5763?
113
Calculate the greatest common factor of 21 and 273.
21
What is the greatest common divisor of 66 and 429?
33
What is the greatest common divisor of 45 and 7605?
45
Calculate the greatest common divisor of 6 and 579.
3
What is the highest common factor of 57 and 1539?
57
What is the greatest common divisor of 6644 and 88?
44
Calculate the highest common factor of 4811 and 136.
17
What is the highest common divisor of 1280 and 80?
80
Calculate the greatest common factor of 95 and 76.
19
Calculate the highest common factor of 10 and 335.
5
What is the highest common factor of 2308 and 4?
4
Calculate the highest common divisor of 204 and 372.
12
Calculate the greatest common divisor of 103 and 5047.
103
What is the greatest common factor of 13 and 1?
1
Calculate the highest common divisor of 243 and 54.
27
What is the highest common factor of 370 and 407?
37
Calculate the highest common divisor of 26 and 91.
13
What is the highest common divisor of 4 and 3580?
4
What is the highest common divisor of 3393 and 2925?
117
What is the highest common divisor of 36 and 204?
12
Calculate the greatest common divisor of 815 and 10.
5
What is the highest common factor of 66 and 1023?
33
What is the greatest common divisor of 695 and 5?
5
What is the greatest common divisor of 3636 and 36?
36
What is the greatest common divisor of 828 and 24?
12
Calculate the greatest common divisor of 324 and 84888.
324
What is the highest common divisor of 80 and 688?
16
Calculate the highest common divisor of 5888 and 768.
256
Calculate the greatest common factor of 2695 and 231.
77
Calculate the highest common factor of 707 and 7.
7
What is the highest common factor of 67603 and 67?
67
Calculate the highest common divisor of 24 and 3.
3
What is the greatest common factor of 539 and 11?
11
What is the greatest common divisor of 7440 and 1200?
240
Calculate the highest common factor of 342 and 3798.
18
What is the highest common divisor of 108 and 1044?
36
Calculate the highest common divisor of 38 and 5624.
38
Calculate the greatest common divisor of 1162 and 119.
7
Calculate the highest common factor of 3348 and 108.
108
What is the greatest common factor of 41 and 287?
41
What is the greatest common factor of 535 and 35?
5
Calculate the highest common divisor of 10 and 1090.
10
What is the highest common divisor of 324 and 30?
6
What is the highest common factor of 95 and 2869?
19
Calculate the greatest common divisor of 308 and 2233.
77
What is the greatest common divisor of 1196 and 104?
52
Calculate the highest common factor of 500 and 1460.
20
What is the greatest common factor of 37 and 1?
1
What is the highest common factor of 82 and 1927?
41
Calculate the highest common factor of 627 and 99.
33
What is the greatest common factor of 20 and 20?
20
Calculate the highest common divisor of 407 and 185.
37
What is the highest common divisor of 503 and 2?
1
What is the greatest common divisor of 5416 and 8?
8
Calculate the highest common divisor of 2 and 4.
2
Calculate the highest common factor of 910 and 65.
65
Calculate the greatest common factor of 893 and 752.
47
Calculate the highest common divisor of 55 and 11.
11
Calculate the highest common factor of 50 and 250.
50
Calculate the highest common factor of 605 and 25.
5
What is the greatest common divisor of 664 and 8?
8
Calculate the greatest common divisor of 546 and 624.
78
What is the greatest common divisor of 3560 and 20?
20
What is the highest common factor of 58 and 14326?
58
What is the greatest common divisor of 84 and 1932?
84
Calculate the greatest common divisor of 31 and 1643.
31
What is the greatest common divisor of 369 and 9?
9
Calculate the highest common divisor of 1280 and 60.
20
Calculate the greatest common divisor of 33 and 209.
11
Calculate the highest common factor of 55 and 473.
11
Calculate the greatest common divisor of 18 and 8847.
9
What is the highest common divisor of 9 and 2?
1
Calculate the highest common factor of 58 and 551.
29
What is the highest common factor of 380 and 76?
76
Calculate the greatest common divisor of 90 and 20835.
45
Calculate the highest common divisor of 9 and 36.
9
What is the highest common divisor of 4 and 6?
2
Calculate the greatest common factor of 990 and 594.
198
What is the highest common divisor of 258 and 6?
6
Calculate the highest common factor of 1372 and 4.
4
What is the highest common divisor of 88 and 396?
44
Calculate the highest common factor of 1176 and 17444.
196
Calculate the greatest common factor of 609 and 261.
87
What is the highest common divisor of 574 and 164?
82
Calculate the greatest common divisor of 48 and 11632.
16
Calculate the greatest common divisor of 2355 and 15.
15
What is the greatest common divisor of 1853 and 1417?
109
Calculate the greatest common factor of 205 and 1312.
41
What is the highest common factor of 90 and 375?
15
Calculate the highest common factor of 2120 and 8.
8
Calculate the greatest common divisor of 36 and 954.
18
What is the highest common divisor of 6413 and 363?
121
Calculate the highest common factor of 1452 and 4.
4
What is the greatest common factor of 3237 and 1245?
249
Calculate the highest common divisor of 72 and 2124.
36
What is the greatest common factor of 345 and 276?
69
What is the highest common factor of 117 and 279?
9
What is the greatest common factor of 1280 and 20?
20
Calculate the greatest common factor of 624 and 48.
48
What is the greatest common divisor of 1152 and 256?
128
What is the greatest common factor of 20 and 1970?
10
What is the highest common factor of 50 and 5?
5
Calculate the greatest common divisor of 48 and 4170.
6
What is the greatest common divisor of 5876 and 52?
52
Calculate the greatest common divisor of 289 and 187.
17
What is the highest common divisor of 153 and 27?
9
What is the greatest common factor of 392 and 17591?
49
Calculate the greatest common divisor of 390 and 735.
15
What is the greatest common divisor of 2192 and 32?
16
What is the greatest common factor of 483 and 1104?
69
What is the greatest common divisor of 28676 and 642?
214
What is the highest common factor of 77 and 33?
11
What is the greatest common divisor of 100 and 4?
4
What is the highest common factor of 38 and 342?
38
What is the highest common factor of 792 and 88?
88
What is the greatest common factor of 90 and 160?
10
Calculate the highest common divisor of 748 and 136.
68
Calculate the greatest common factor of 35 and 15.
5
Calculate the greatest common factor of 52 and 36.
4
Calculate the greatest common factor of 385 and 105.
35
What is the highest common factor of 555 and 45?
15
What is the greatest common divisor of 62586 and 38?
38
What is the highest common divisor of 252 and 168?
84
Calculate the greatest common divisor of 12 and 372.
12
Calculate the greatest common factor of 25 and 315.
5
Calculate the highest common divisor of 18